 216 + 128. Let j = 116 + r. Let f = j - -3. Is 10 a factor of f?
False
Suppose 17 - 17 = 4*l. Suppose -6*z - z + 105 = l. Is 5 a factor of z?
True
Suppose x + 3*x + 4*r - 13236 = 0, 4*x - 2*r - 13248 = 0. Is x a multiple of 14?
False
Let y(r) = -r**2 + 16*r - 3. Suppose 24 = 5*u - 5*i - 1, 3*i - 9 = -5*u. Suppose 0 = -s + x + 15, s - u*x - 13 = 8. Is y(s) a multiple of 6?
False
Let d = -2 - -4. Suppose -d*c + 5*c - 228 = 0. Is c a multiple of 11?
False
Suppose 0 = 2*c - 8, 0 = 4*o - 5*o + 4*c - 8. Is 3 a factor of ((-34)/o - -2)/(2/(-48))?
True
Let g(t) = -4*t + 20. Let i be g(-4). Does 4 divide (-12)/9*(i + -3)*-1?
True
Let f = 1692 - 792. Is f a multiple of 20?
True
Suppose 418 = -4*v + 5*v. Is v a multiple of 8?
False
Let n be -14*((-8)/28)/1. Is 12 a factor of (-178)/(-4)*2 + n?
False
Let c be (-9 + 5 - -3)*0. Suppose h + 9 - 53 = c. Is h a multiple of 20?
False
Let w = -33 - -38. Is w + (-4)/(-4)*-2 even?
False
Suppose -3*i - 3 = -2*k - 70, i = 5*k + 31. Suppose 4*a = 85 - i. Is a a multiple of 3?
False
Let z(v) = v**3 - 13*v**2 - 13*v - 8. Suppose 0*y - 2*y = -28. Let l be z(y). Suppose -2*x - 2*t = -l*t - 42, -5*t = -x + 30. Does 6 divide x?
False
Let b be (8/(-16))/((-2)/28). Suppose b = 2*k + 1. Suppose -4*s - k*x + 339 = 0, s + s - 189 = 5*x. Is s a multiple of 15?
False
Let k(n) = 11*n + 2. Let w(x) = -23*x - 4. Let h(a) = 9*k(a) + 4*w(a). Suppose 5*b - 1 = 4*b. Is 4 a factor of h(b)?
False
Let u = 966 + 414. Does 23 divide u?
True
Let l(o) = o**2 + 3*o - 14. Let y be l(-7). Suppose 3*d + 2*k - 59 = 0, d + d - 5*k - y = 0. Let s = 57 - d. Is 20 a factor of s?
True
Let b = -44 - -49. Suppose -s = b*j - 87, -s + 8 + 70 = 2*j. Is 12 a factor of s?
True
Suppose -5*i = 4 - 29. Suppose 0 = -i*l - 2*h + 176, -4*h + 3*h + 3 = 0. Is 14 a factor of l?
False
Let h(l) = -l**3 + 23*l**2 - 2*l + 106. Is h(23) even?
True
Let u(k) = -2*k**2 + 2*k + 2. Let r be u(2). Let s be 0*(r + 1 + 2). Suppose 4*l + 0*v - 176 = 3*v, s = -4*l + 4*v + 172. Is 13 a factor of l?
False
Suppose -5*x + 3759 = 3*d, -4*x + 2752 + 2252 = 4*d. Is 12 a factor of d?
True
Let j be -2 + (5 - (0 + 1)). Suppose 5*o - 3*g + 464 = 0, -j*o - o - 270 = g. Let q = -62 - o. Does 18 divide q?
False
Let c = -1249 + 2425. Does 98 divide c?
True
Suppose 4*h - 43 = 45. Let i(t) = -15 + t**3 + 3*t**2 - 6*t + t**2 + h. Is i(-5) a multiple of 9?
False
Is ((-3708)/10)/((-30)/100) a multiple of 3?
True
Let g = 1074 + -450. Is g a multiple of 13?
True
Let u = -650 + 950. Is u a multiple of 20?
True
Let k(h) be the second derivative of h**4/3 - h**3/6 + 9*h. Is k(-2) a multiple of 5?
False
Let n(m) = -7*m**3 - 4*m**2 + 3*m + 8. Let t be n(4). Let x = t + 310. Is 13 a factor of (x/35)/(4/(-10))?
True
Let c be 5*(32/(-20) + 2). Suppose c*l + 2*l + 44 = 2*x, -84 = -5*x - 3*l. Suppose -4*m + m - x = -z, -5*z + 62 = -m. Does 3 divide z?
True
Let g = 65 - -33. Let j = g + -85. Is j a multiple of 13?
True
Let a(y) = 5*y + 3*y**3 - y - 6*y**2 - 2*y - 4*y**3 + 12. Let k be a(-6). Suppose -4*s + k*s + 135 = 3*f, -4*f = -5*s + 192. Is 18 a factor of s?
True
Let x(t) be the second derivative of -7*t + 0 + t**2 - 1/12*t**4 + 13/6*t**3. Is x(11) a multiple of 12?
True
Is 2 + (-12)/6 - -68 a multiple of 7?
False
Let w(u) = 3*u + 216. Is 20 a factor of w(48)?
True
Let g be 16/10*-5*1. Let d(i) = i - 2. Let s be d(10). Does 8 divide (s - g)/(4/2)?
True
Suppose 63 = -2*u + 9*u. Let o(k) = k**2 - 2*k - 15. Is o(u) a multiple of 22?
False
Suppose 2*p - 3*m = 2*m + 148, 3*p - 3*m = 240. Suppose g - 28 = p. Is 2 a factor of 6/(-4)*g/(-21)?
True
Let a = 0 - 3. Let d be (a - -15)*6/9. Suppose -4*c + 8 = -d. Is c a multiple of 3?
False
Let s be 28/3*(-6)/(-4). Let h = -21 + 22. Suppose h = -d + s. Is 2 a factor of d?
False
Let x = 4 - -4. Let j(g) = -g**3 + 9*g**2 + 5*g + 7. Is 20 a factor of j(x)?
False
Suppose -11*o - 35 = -16*o. Is 5173/49 + (-4)/o a multiple of 21?
True
Let p(h) = -h**3 + 10*h**2 + 19*h + 1. Let q be p(11). Let s = 206 - q. Does 39 divide s?
True
Let p(v) = 7*v**2 - 1. Let w(u) = u**3 - 5*u**2 + 8*u - 4. Let f be w(3). Is 27 a factor of p(f)?
True
Let z(n) be the first derivative of 4 + 5/3*n**3 + 0*n - 1/2*n**2. Is z(-2) a multiple of 6?
False
Suppose 5*v = 2*y - 2316, v + v + 918 = -2*y. Let r be v/(-7) + 1*-2. Suppose -2*x + x + r = 0. Is x a multiple of 16?
True
Let z(y) = -y**3 + 10*y**2 + 10*y + 15. Let l be 8/1 - (-5 - -2). Let p be z(l). Suppose -p*g + 156 = -4. Is g a multiple of 18?
False
Let d be ((-20)/(-1))/((-1)/(-4)). Suppose 4*b = -0*b + 5*y + 108, 2*y = -4*b + d. Does 17 divide b?
False
Suppose 0 = 2*h - 5*g - 12, -g + 14 = -5*h + 90. Is 16 a factor of h?
True
Let r(t) = 82*t + 478. Does 26 divide r(17)?
True
Is 1068*(20/15)/2 a multiple of 2?
True
Let j(t) = 196*t + 98. Is 49 a factor of j(3)?
True
Let u(l) = l**2 - 16*l - 19. Let f(t) = -t**2 + 16*t + 19. Let k(p) = 3*f(p) + 2*u(p). Does 17 divide k(10)?
False
Let a(f) = -f**3 - 10*f**2 - 8*f + 10. Let z be a(-9). Let d(g) = 19*g - 2*g - 33 + 31. Does 5 divide d(z)?
True
Is (-1520)/(-5) + 12/(-3) a multiple of 30?
True
Suppose -3*i - 9 = 0, 0 = 3*d - 4*i + 2*i + 156. Let p be ((-36)/d)/((-2)/141). Let k = p - -125. Is 26 a factor of k?
True
Let r = -104 + 136. Does 12 divide r?
False
Does 18 divide ((-1359)/6)/((-2)/(-24)*-9)?
False
Let c be 9/1*((-3)/(-9))/1. Suppose 0 = g + 4*m - 21, -2*g - 2*m - c = -3*g. Does 9 divide g?
True
Let a = -80 + 32. Let n = a + 57. Does 2 divide n?
False
Suppose 93 = 3*b - 105. Is 66 a factor of b?
True
Suppose 3*x = -6, -3*d = -2*d - 5*x - 580. Is 22 a factor of d?
False
Let v = -174 + 514. Is 10 a factor of v?
True
Let l be ((-288)/14)/(15/(-70)). Suppose -2*w + 270 - l = 0. Is w a multiple of 29?
True
Suppose w + 9 = 2*p - p, -36 = -5*p + 2*w. Is (3/p)/(7/70) even?
False
Suppose -6 - 6 = -4*c. Suppose 0 = -r - 2*p + 146, 446 = c*r - 3*p + 5*p. Is 30 a factor of r?
True
Let s = -14 + 83. Let n = -43 + s. Suppose -5*c = -n - 34. Is c a multiple of 3?
True
Let d = 1190 - 254. Is d a multiple of 31?
False
Suppose 0 = -z - 2 - 3, 5*y - 3*z - 3440 = 0. Is y a multiple of 6?
False
Let g(r) = r**3 - r**2 + 4*r - 10. Is g(7) a multiple of 15?
False
Suppose -4*q = 2*s - 202, -q - 4*s = 2*q - 149. Does 16 divide q/34 - (-122)/4?
True
Let m(t) = 30*t - 21. Is 21 a factor of m(7)?
True
Let c(l) = 2*l**2 - 4*l + 20. Is c(8) a multiple of 7?
False
Suppose -2*g = 3*g - 10. Let p(a) = a**2 + 2*a**2 + 4*a + g*a**2 - a**2. Is 16 a factor of p(3)?
True
Suppose -524 - 412 = -4*i. Let o = i + -71. Does 21 divide o?
False
Is 19 a factor of (1 + 0)/2 + (-4555)/(-10)?
True
Let j(s) = 13*s + 104. Is j(14) a multiple of 26?
True
Suppose -5 - 9 = -2*m. Suppose -m*z + 149 = -145. Does 14 divide z?
True
Suppose 2*i + 214 + 164 = 2*a, -5*a = -15. Let s be i/((-2 - -4)*-1). Suppose q + 2*q - s = 0. Is 26 a factor of q?
False
Suppose -2416 = 19*w - 26964. Is 17 a factor of w?
True
Let b be (12/(-36))/((-2)/24). Let n be 1*b*(20 + -12). Suppose 16*q + n = 17*q. Is q a multiple of 16?
True
Let u(c) = -c**3 + 13*c**2 - 17*c + 5. Is u(8) a multiple of 21?
True
Let z(w) be the first derivative of w**4/2 - 7*w**3/3 + 5*w**2/2 + w + 20. Is 6 a factor of z(4)?
False
Let v(c) = -c**3 + 12*c**2 - 11*c + 2. Let r be v(11). Suppose -r*m + 135 = 101. Is 15 a factor of m?
False
Let v be (162/4)/((-7)/14). Let h = v + 153. Suppose o - h = 8. Does 20 divide o?
True
Let c(w) = -w**2 - 4*w + 11. Let a be c(-5). Suppose a*s = 2*s + 128. Does 9 divide s?
False
Suppose -3*u - 3*k + 363 = 0, -4*k - 246 = -2*u - 2*k. Is u a multiple of 8?
False
Let s(j) = -j + 8. Let a be s(-16). Is 15 a factor of 1362/a - (-2)/8?
False
Let w = 426 - 150. Let b = w - 186. Does 15 divide b?
True
Let f be (-3)/(52/12 - 4). Let z(v) = v**3 + 8*v**2 - 9*v + 15. Is z(f) a multiple of 15?
True
Let x be 8 + (2 - 2 - -2). Let t(i) = i**3 - 9*i**2 - 11*i + 7. Let k be t(x). Is 28 a factor of (k - -7)/4*56?
True
Let d(i) = 25*i**3 + 4*i**2 - 6. Does 9 divide d(2)?
False
Suppose k = -105 + 6. Let o = 140 + k. Is 5 a factor of o?
False
Let m(b) = -b**2 + 4 - 7*b + 8*b - 3*b - b**3. Is m(-4) a multiple of 7?
False
Let s = 50 + -19. Suppose 0 = -q + 123 + s. Is q a multiple of 22?
True
Suppose -3*z = 4654 - 11629. Does 15 divide z?
True
Let a(z) = z**3 + 13*z**2 + 8*z - 20. S